{"id":4251,"date":"2023-10-05T07:44:13","date_gmt":"2023-10-05T05:44:13","guid":{"rendered":"https:\/\/festival-leron.com\/?post_type=project&#038;p=4251"},"modified":"2023-10-05T07:45:40","modified_gmt":"2023-10-05T05:45:40","slug":"leron-2023","status":"publish","type":"project","link":"https:\/\/festival-leron.com\/en\/project\/leron-2023\/","title":{"rendered":"Leron 2023"},"content":{"rendered":"<p>[et_pb_section fb_built=&#8221;1&#8243; fullwidth=&#8221;on&#8221; _builder_version=&#8221;4.16&#8243; _module_preset=&#8221;default&#8221; global_colors_info=&#8221;{}&#8221;][et_pb_fullwidth_header title=&#8221;Leron 2023&#8243; _builder_version=&#8221;4.22.2&#8243; _module_preset=&#8221;default&#8221; title_font=&#8221;|800|||||||&#8221; title_font_size=&#8221;63px&#8221; background_enable_color=&#8221;off&#8221; background_image=&#8221;https:\/\/festival-leron.com\/wp-content\/uploads\/2023\/10\/Leron-2023-IMG_3011-enh.jpg&#8221; height=&#8221;650px&#8221; height_tablet=&#8221;&#8221; height_phone=&#8221;&#8221; height_last_edited=&#8221;on|desktop&#8221; title_text_shadow_style=&#8221;preset1&#8243; global_colors_info=&#8221;{}&#8221;][\/et_pb_fullwidth_header][\/et_pb_section][et_pb_section fb_built=&#8221;1&#8243; _builder_version=&#8221;4.16&#8243; _module_preset=&#8221;default&#8221; background_color=&#8221;#e2d9cf&#8221; global_colors_info=&#8221;{}&#8221;][et_pb_row column_structure=&#8221;3_4,1_4&#8243; use_custom_gutter=&#8221;on&#8221; gutter_width=&#8221;1&#8243; make_equal=&#8221;on&#8221; _builder_version=&#8221;4.16&#8243; _module_preset=&#8221;default&#8221; width=&#8221;100%&#8221; global_colors_info=&#8221;{}&#8221;][et_pb_column type=&#8221;3_4&#8243; _builder_version=&#8221;4.16&#8243; _module_preset=&#8221;default&#8221; global_colors_info=&#8221;{}&#8221;][et_pb_text _builder_version=&#8221;4.22.2&#8243; _module_preset=&#8221;default&#8221; text_font=&#8221;||||||||&#8221; text_font_size=&#8221;20px&#8221; custom_margin=&#8221;|20px||20px|false|false&#8221; global_colors_info=&#8221;{}&#8221;]The Croatian Cultural Centre &#8220;Bunjeva\u010dko kolo&#8221; from Subotica emerged as the winner of the 21st edition of the renowned &#8220;Leron&#8221; International Folklore Festival. The jury, consisting of Lorella Limoncin Toth, Lidija Niko\u010devi\u0107, and Massimo Brajkovi\u0107, praised the young folklorists from Serbia for their exceptional instrumental skills, authenticity in their dances, and the diversity of their traditional costumes. The enthusiastic audience, gathered at the packed main square, wholeheartedly agreed with the jury&#8217;s decision and showered the winners with applause, celebrating their well-deserved victory. The performance by the &#8220;Bunjeva\u010dko kolo&#8221; group was energetic, lively, charismatic, and flawlessly executed. They managed to surpass the exceptional talent of the other participating dancers and virtuoso musicians in this edition of &#8220;Leron.&#8221; Other notable awards included the recognition for the originality and precision of the costumes, which was bestowed upon the folklore group &#8220;I Posagnot&#8221; from Italy. The award for outstanding instrumental and musical performance went to the &#8220;Banda Burek&#8221; ensemble from Poland, while the Greeks from &#8220;Agios Ioannis o Theologos&#8221; in Thessaloniki were honoured for their exceptional choreography and dance routines.<\/p>\n<p>The final evening of the festival featured captivating performances by the award-winning groups, as well as the participation of the folklore group RAK from Rakek, Slovenia, and the folklore group &#8220;Stelutis di Udin&#8221; from Italy.<\/p>\n<p>The festival commenced on Thursday with an event called \u201cWaiting for the Leron&#8230;\u201c In recent years, the traditional Furlana evening has been held prior to the actual festival, featuring discussions led by ethnomusicologist Dario Maru\u0161i\u0107 and choreographer and pedagogue Vidoslav Bagur. On Friday, there was a parade along Trgova\u010dka ulica-Via Merceria, showcasing performances by local groups. The grand finale took place on Saturday and included a reception by the mayor, a round table discussion, and performances by the guest groups in the town square.[\/et_pb_text][\/et_pb_column][et_pb_column type=&#8221;1_4&#8243; _builder_version=&#8221;4.16&#8243; _module_preset=&#8221;default&#8221; global_colors_info=&#8221;{}&#8221;][et_pb_image src=&#8221;https:\/\/festival-leron.com\/wp-content\/uploads\/2020\/12\/le-2023-500.png&#8221; title_text=&#8221;le-2023-500&#8243; align_tablet=&#8221;center&#8221; align_phone=&#8221;right&#8221; align_last_edited=&#8221;on|phone&#8221; _builder_version=&#8221;4.22.2&#8243; _module_preset=&#8221;default&#8221; global_colors_info=&#8221;{}&#8221;][\/et_pb_image][\/et_pb_column][\/et_pb_row][\/et_pb_section][et_pb_section fb_built=&#8221;1&#8243; disabled_on=&#8221;on|on|on&#8221; _builder_version=&#8221;4.22.2&#8243; _module_preset=&#8221;default&#8221; background_color=&#8221;#846356&#8243; disabled=&#8221;on&#8221; global_colors_info=&#8221;{}&#8221;][et_pb_row _builder_version=&#8221;4.16&#8243; _module_preset=&#8221;default&#8221; global_colors_info=&#8221;{}&#8221;][et_pb_column type=&#8221;4_4&#8243; _builder_version=&#8221;4.16&#8243; _module_preset=&#8221;default&#8221; global_colors_info=&#8221;{}&#8221;][\/et_pb_column][\/et_pb_row][\/et_pb_section][et_pb_section fb_built=&#8221;1&#8243; disabled_on=&#8221;off|off|off&#8221; _builder_version=&#8221;4.16&#8243; _module_preset=&#8221;default&#8221; background_enable_image=&#8221;off&#8221; background_size=&#8221;contain&#8221; background_repeat=&#8221;repeat&#8221; custom_margin=&#8221;||||false|false&#8221; custom_padding=&#8221;0px||0px||false|false&#8221; global_colors_info=&#8221;{}&#8221;][et_pb_row use_custom_gutter=&#8221;on&#8221; gutter_width=&#8221;1&#8243; module_class=&#8221; et_pb_row_fullwidth&#8221; _builder_version=&#8221;4.16&#8243; _module_preset=&#8221;default&#8221; width=&#8221;100%&#8221; max_width=&#8221;100%&#8221; custom_padding=&#8221;1px||0px|||&#8221; global_colors_info=&#8221;{}&#8221;][et_pb_column type=&#8221;4_4&#8243; _builder_version=&#8221;4.16&#8243; _module_preset=&#8221;default&#8221; global_colors_info=&#8221;{}&#8221;][et_pb_gallery gallery_ids=&#8221;4238,4235,4232,4229,4226,4223,4220,4217,4214,4211,4208,4205,4202,4199,4196,4193,4190,4187,4184,4181,4178,4175,4172,4169,4166,4163,4160&#8243; posts_number=&#8221;50&#8243; show_title_and_caption=&#8221;off&#8221; show_pagination=&#8221;off&#8221; zoom_icon_color=&#8221;#ffffff&#8221; hover_overlay_color=&#8221;rgba(0,0,0,0.2)&#8221; _builder_version=&#8221;4.22.2&#8243; _module_preset=&#8221;default&#8221; background_color=&#8221;#e2d9cf&#8221; custom_margin=&#8221;||-6px|||&#8221; global_colors_info=&#8221;{}&#8221;][\/et_pb_gallery][\/et_pb_column][\/et_pb_row][\/et_pb_section][et_pb_section fb_built=&#8221;1&#8243; disabled_on=&#8221;off|off|off&#8221; admin_label=&#8221;PDF Section&#8221; _builder_version=&#8221;4.16&#8243; _module_preset=&#8221;default&#8221; background_color=&#8221;#846356&#8243; global_colors_info=&#8221;{}&#8221;][et_pb_row _builder_version=&#8221;4.16&#8243; _module_preset=&#8221;default&#8221; global_colors_info=&#8221;{}&#8221;][et_pb_column type=&#8221;4_4&#8243; _builder_version=&#8221;4.16&#8243; _module_preset=&#8221;default&#8221; global_colors_info=&#8221;{}&#8221;][et_pb_code admin_label=&#8221;Leron Manifesto 2023&#8243; _builder_version=&#8221;4.22.2&#8243; _module_preset=&#8221;default&#8221; global_colors_info=&#8221;{}&#8221;]<a href=\"https:\/\/festival-leron.com\/wp-content\/uploads\/2023\/10\/Leron-2023-manifesto.pdf\" class=\"pdfemb-viewer\" style=\"\" data-width=\"max\" data-height=\"max\" data-toolbar=\"bottom\" data-toolbar-fixed=\"off\">Leron-2023-manifesto<\/a>[\/et_pb_code][et_pb_code admin_label=&#8221;La Voce PDF 2023 1&#8243; _builder_version=&#8221;4.22.2&#8243; _module_preset=&#8221;default&#8221; global_colors_info=&#8221;{}&#8221;]<a href=\"https:\/\/festival-leron.com\/wp-content\/uploads\/2023\/10\/Leron-2023-La-voce-doppia1.pdf\" class=\"pdfemb-viewer\" style=\"\" data-width=\"max\" data-height=\"max\" data-toolbar=\"bottom\" data-toolbar-fixed=\"off\">Leron-2023-La-voce-doppia1<\/a>[\/et_pb_code][et_pb_code admin_label=&#8221;La Voce PDF 2023 2&#8243; _builder_version=&#8221;4.22.2&#8243; _module_preset=&#8221;default&#8221; global_colors_info=&#8221;{}&#8221;]<a href=\"https:\/\/festival-leron.com\/wp-content\/uploads\/2023\/10\/Leron-2023-La-voce-doppia2.pdf\" class=\"pdfemb-viewer\" style=\"\" data-width=\"max\" data-height=\"max\" data-toolbar=\"bottom\" data-toolbar-fixed=\"off\">Leron-2023-La-voce-doppia2<\/a>[\/et_pb_code][\/et_pb_column][\/et_pb_row][\/et_pb_section][et_pb_section fb_built=&#8221;1&#8243; fullwidth=&#8221;on&#8221; admin_label=&#8221;Razmak sme\u0111i tamni&#8221; _builder_version=&#8221;4.16&#8243; _module_preset=&#8221;default&#8221; global_colors_info=&#8221;{}&#8221;][et_pb_fullwidth_code _builder_version=&#8221;4.16&#8243; _module_preset=&#8221;default&#8221; background_color=&#8221;#846356&#8243; min_height=&#8221;20px&#8221; height=&#8221;20px&#8221; max_height=&#8221;20px&#8221; custom_margin=&#8221;||||false|false&#8221; custom_padding=&#8221;||||false|false&#8221; global_colors_info=&#8221;{}&#8221;][\/et_pb_fullwidth_code][\/et_pb_section][et_pb_section fb_built=&#8221;1&#8243; fullwidth=&#8221;on&#8221; _builder_version=&#8221;4.16&#8243; _module_preset=&#8221;default&#8221; custom_margin=&#8221;||||false|false&#8221; custom_padding=&#8221;||||false|false&#8221; global_colors_info=&#8221;{}&#8221;][et_pb_fullwidth_portfolio include_categories=&#8221;40&#8243; show_date=&#8221;off&#8221; hover_overlay_color=&#8221;rgba(224,153,0,0.18)&#8221; _builder_version=&#8221;4.16&#8243; _module_preset=&#8221;default&#8221; background_enable_color=&#8221;off&#8221; custom_margin=&#8221;||||false|false&#8221; custom_padding=&#8221;||||false|false&#8221; auto=&#8221;on&#8221; box_shadow_style_image=&#8221;preset1&#8243; global_colors_info=&#8221;{}&#8221; child_filter_hue_rotate__hover_enabled=&#8221;on|desktop&#8221;][\/et_pb_fullwidth_portfolio][\/et_pb_section]<\/p>\n","protected":false},"excerpt":{"rendered":"<p>The Croatian Cultural Centre &#8220;Bunjeva\u010dko kolo&#8221; from Subotica emerged as the winner of the 21st edition of the renowned &#8220;Leron&#8221; International Folklore Festival. The jury, consisting of Lorella Limoncin Toth, Lidija Niko\u010devi\u0107, and Massimo Brajkovi\u0107, praised the young folklorists from Serbia for their exceptional instrumental skills, authenticity in their dances, and the diversity of their [&hellip;]<\/p>\n","protected":false},"author":1,"featured_media":2063,"comment_status":"open","ping_status":"closed","template":"","meta":{"_et_pb_use_builder":"on","_et_pb_old_content":"","_et_gb_content_width":"","footnotes":""},"project_category":[52],"project_tag":[],"class_list":["post-4251","project","type-project","status-publish","has-post-thumbnail","hentry","project_category-godina-en"],"_links":{"self":[{"href":"https:\/\/festival-leron.com\/en\/wp-json\/wp\/v2\/project\/4251","targetHints":{"allow":["GET"]}}],"collection":[{"href":"https:\/\/festival-leron.com\/en\/wp-json\/wp\/v2\/project"}],"about":[{"href":"https:\/\/festival-leron.com\/en\/wp-json\/wp\/v2\/types\/project"}],"author":[{"embeddable":true,"href":"https:\/\/festival-leron.com\/en\/wp-json\/wp\/v2\/users\/1"}],"replies":[{"embeddable":true,"href":"https:\/\/festival-leron.com\/en\/wp-json\/wp\/v2\/comments?post=4251"}],"version-history":[{"count":3,"href":"https:\/\/festival-leron.com\/en\/wp-json\/wp\/v2\/project\/4251\/revisions"}],"predecessor-version":[{"id":4272,"href":"https:\/\/festival-leron.com\/en\/wp-json\/wp\/v2\/project\/4251\/revisions\/4272"}],"wp:featuredmedia":[{"embeddable":true,"href":"https:\/\/festival-leron.com\/en\/wp-json\/wp\/v2\/media\/2063"}],"wp:attachment":[{"href":"https:\/\/festival-leron.com\/en\/wp-json\/wp\/v2\/media?parent=4251"}],"wp:term":[{"taxonomy":"project_category","embeddable":true,"href":"https:\/\/festival-leron.com\/en\/wp-json\/wp\/v2\/project_category?post=4251"},{"taxonomy":"project_tag","embeddable":true,"href":"https:\/\/festival-leron.com\/en\/wp-json\/wp\/v2\/project_tag?post=4251"}],"curies":[{"name":"wp","href":"https:\/\/api.w.org\/{rel}","templated":true}]}}

<p>[et_pb_section fb_built=&#8221;1&#8243; fullwidth=&#8221;on&#8221; _builder_version=&#8221;4.16&#8243; _module_preset=&#8221;default&#8221; global_colors_info=&#8221;{}&#8221;][et_pb_fullwidth_header title=&#8221;Leron 2023&#8243; _builder_version=&#8221;4.22.2&#8243; _module_preset=&#8221;default&#8221; title_font=&#8221;|800|||||||&#8221; title_font_size=&#8221;63px&#8221; background_enable_color=&#8221;off&#8221; background_image=&#8221;https://festival-leron.com/wp-content/uploads/2023/10/Leron-2023-IMG_3011-enh.jpg&#8221; height=&#8221;650px&#8221; height_tablet=&#8221;&#8221; height_phone=&#8221;&#8221; height_last_edited=&#8221;on|desktop&#8221; title_text_shadow_style=&#8221;preset1&#8243; global_colors_info=&#8221;{}&#8221;][/et_pb_fullwidth_header][/et_pb_section][et_pb_section fb_built=&#8221;1&#8243; _builder_version=&#8221;4.16&#8243; _module_preset=&#8221;default&#8221; background_color=&#8221;#e2d9cf&#8221; global_colors_info=&#8221;{}&#8221;][et_pb_row column_structure=&#8221;3_4,1_4&#8243; use_custom_gutter=&#8221;on&#8221; gutter_width=&#8221;1&#8243; make_equal=&#8221;on&#8221; _builder_version=&#8221;4.16&#8243; _module_preset=&#8221;default&#8221; width=&#8221;100%&#8221; global_colors_info=&#8221;{}&#8221;][et_pb_column type=&#8221;3_4&#8243; _builder_version=&#8221;4.16&#8243; _module_preset=&#8221;default&#8221; global_colors_info=&#8221;{}&#8221;][et_pb_text _builder_version=&#8221;4.22.2&#8243; _module_preset=&#8221;default&#8221; text_font=&#8221;||||||||&#8221; text_font_size=&#8221;20px&#8221; custom_margin=&#8221;|20px||20px|false|false&#8221; global_colors_info=&#8221;{}&#8221;]The Croatian Cultural Centre &#8220;Bunjevačko kolo&#8221; from Subotica emerged as the winner of the 21st edition of the renowned &#8220;Leron&#8221; International Folklore Festival. The jury, consisting of Lorella Limoncin Toth, Lidija Nikočević, and Massimo Brajković, praised the young folklorists from Serbia for their exceptional instrumental skills, authenticity in their dances, and the diversity of their traditional costumes. The enthusiastic audience, gathered at the packed main square, wholeheartedly agreed with the jury&#8217;s decision and showered the winners with applause, celebrating their well-deserved victory. The performance by the &#8220;Bunjevačko kolo&#8221; group was energetic, lively, charismatic, and flawlessly executed. They managed to surpass the exceptional talent of the other participating dancers and virtuoso musicians in this edition of &#8220;Leron.&#8221; Other notable awards included the recognition for the originality and precision of the costumes, which was bestowed upon the folklore group &#8220;I Posagnot&#8221; from Italy. The award for outstanding instrumental and musical performance went to the &#8220;Banda Burek&#8221; ensemble from Poland, while the Greeks from &#8220;Agios Ioannis o Theologos&#8221; in Thessaloniki were honoured for their exceptional choreography and dance routines.</p>
<p>The final evening of the festival featured captivating performances by the award-winning groups, as well as the participation of the folklore group RAK from Rakek, Slovenia, and the folklore group &#8220;Stelutis di Udin&#8221; from Italy.</p>
<p>The festival commenced on Thursday with an event called “Waiting for the Leron&#8230;“ In recent years, the traditional Furlana evening has been held prior to the actual festival, featuring discussions led by ethnomusicologist Dario Marušić and choreographer and pedagogue Vidoslav Bagur. On Friday, there was a parade along Trgovačka ulica-Via Merceria, showcasing performances by local groups. The grand finale took place on Saturday and included a reception by the mayor, a round table discussion, and performances by the guest groups in the town square.[/et_pb_text][/et_pb_column][et_pb_column type=&#8221;1_4&#8243; _builder_version=&#8221;4.16&#8243; _module_preset=&#8221;default&#8221; global_colors_info=&#8221;{}&#8221;][et_pb_image src=&#8221;https://festival-leron.com/wp-content/uploads/2020/12/le-2023-500.png&#8221; title_text=&#8221;le-2023-500&#8243; align_tablet=&#8221;center&#8221; align_phone=&#8221;right&#8221; align_last_edited=&#8221;on|phone&#8221; _builder_version=&#8221;4.22.2&#8243; _module_preset=&#8221;default&#8221; global_colors_info=&#8221;{}&#8221;][/et_pb_image][/et_pb_column][/et_pb_row][/et_pb_section][et_pb_section fb_built=&#8221;1&#8243; disabled_on=&#8221;on|on|on&#8221; _builder_version=&#8221;4.22.2&#8243; _module_preset=&#8221;default&#8221; background_color=&#8221;#846356&#8243; disabled=&#8221;on&#8221; global_colors_info=&#8221;{}&#8221;][et_pb_row _builder_version=&#8221;4.16&#8243; _module_preset=&#8221;default&#8221; global_colors_info=&#8221;{}&#8221;][et_pb_column type=&#8221;4_4&#8243; _builder_version=&#8221;4.16&#8243; _module_preset=&#8221;default&#8221; global_colors_info=&#8221;{}&#8221;][/et_pb_column][/et_pb_row][/et_pb_section][et_pb_section fb_built=&#8221;1&#8243; disabled_on=&#8221;off|off|off&#8221; _builder_version=&#8221;4.16&#8243; _module_preset=&#8221;default&#8221; background_enable_image=&#8221;off&#8221; background_size=&#8221;contain&#8221; background_repeat=&#8221;repeat&#8221; custom_margin=&#8221;||||false|false&#8221; custom_padding=&#8221;0px||0px||false|false&#8221; global_colors_info=&#8221;{}&#8221;][et_pb_row use_custom_gutter=&#8221;on&#8221; gutter_width=&#8221;1&#8243; module_class=&#8221; et_pb_row_fullwidth&#8221; _builder_version=&#8221;4.16&#8243; _module_preset=&#8221;default&#8221; width=&#8221;100%&#8221; max_width=&#8221;100%&#8221; custom_padding=&#8221;1px||0px|||&#8221; global_colors_info=&#8221;{}&#8221;][et_pb_column type=&#8221;4_4&#8243; _builder_version=&#8221;4.16&#8243; _module_preset=&#8221;default&#8221; global_colors_info=&#8221;{}&#8221;][et_pb_gallery gallery_ids=&#8221;4238,4235,4232,4229,4226,4223,4220,4217,4214,4211,4208,4205,4202,4199,4196,4193,4190,4187,4184,4181,4178,4175,4172,4169,4166,4163,4160&#8243; posts_number=&#8221;50&#8243; show_title_and_caption=&#8221;off&#8221; show_pagination=&#8221;off&#8221; zoom_icon_color=&#8221;#ffffff&#8221; hover_overlay_color=&#8221;rgba(0,0,0,0.2)&#8221; _builder_version=&#8221;4.22.2&#8243; _module_preset=&#8221;default&#8221; background_color=&#8221;#e2d9cf&#8221; custom_margin=&#8221;||-6px|||&#8221; global_colors_info=&#8221;{}&#8221;][/et_pb_gallery][/et_pb_column][/et_pb_row][/et_pb_section][et_pb_section fb_built=&#8221;1&#8243; disabled_on=&#8221;off|off|off&#8221; admin_label=&#8221;PDF Section&#8221; _builder_version=&#8221;4.16&#8243; _module_preset=&#8221;default&#8221; background_color=&#8221;#846356&#8243; global_colors_info=&#8221;{}&#8221;][et_pb_row _builder_version=&#8221;4.16&#8243; _module_preset=&#8221;default&#8221; global_colors_info=&#8221;{}&#8221;][et_pb_column type=&#8221;4_4&#8243; _builder_version=&#8221;4.16&#8243; _module_preset=&#8221;default&#8221; global_colors_info=&#8221;{}&#8221;][et_pb_code admin_label=&#8221;Leron Manifesto 2023&#8243; _builder_version=&#8221;4.22.2&#8243; _module_preset=&#8221;default&#8221; global_colors_info=&#8221;{}&#8221;]<a href="https://festival-leron.com/wp-content/uploads/2023/10/Leron-2023-manifesto.pdf" class="pdfemb-viewer" style="" data-width="max" data-height="max" data-toolbar="bottom" data-toolbar-fixed="off">Leron-2023-manifesto</a>[/et_pb_code][et_pb_code admin_label=&#8221;La Voce PDF 2023 1&#8243; _builder_version=&#8221;4.22.2&#8243; _module_preset=&#8221;default&#8221; global_colors_info=&#8221;{}&#8221;]<a href="https://festival-leron.com/wp-content/uploads/2023/10/Leron-2023-La-voce-doppia1.pdf" class="pdfemb-viewer" style="" data-width="max" data-height="max" data-toolbar="bottom" data-toolbar-fixed="off">Leron-2023-La-voce-doppia1</a>[/et_pb_code][et_pb_code admin_label=&#8221;La Voce PDF 2023 2&#8243; _builder_version=&#8221;4.22.2&#8243; _module_preset=&#8221;default&#8221; global_colors_info=&#8221;{}&#8221;]<a href="https://festival-leron.com/wp-content/uploads/2023/10/Leron-2023-La-voce-doppia2.pdf" class="pdfemb-viewer" style="" data-width="max" data-height="max" data-toolbar="bottom" data-toolbar-fixed="off">Leron-2023-La-voce-doppia2</a>[/et_pb_code][/et_pb_column][/et_pb_row][/et_pb_section][et_pb_section fb_built=&#8221;1&#8243; fullwidth=&#8221;on&#8221; admin_label=&#8221;Razmak smeđi tamni&#8221; _builder_version=&#8221;4.16&#8243; _module_preset=&#8221;default&#8221; global_colors_info=&#8221;{}&#8221;][et_pb_fullwidth_code _builder_version=&#8221;4.16&#8243; _module_preset=&#8221;default&#8221; background_color=&#8221;#846356&#8243; min_height=&#8221;20px&#8221; height=&#8221;20px&#8221; max_height=&#8221;20px&#8221; custom_margin=&#8221;||||false|false&#8221; custom_padding=&#8221;||||false|false&#8221; global_colors_info=&#8221;{}&#8221;][/et_pb_fullwidth_code][/et_pb_section][et_pb_section fb_built=&#8221;1&#8243; fullwidth=&#8221;on&#8221; _builder_version=&#8221;4.16&#8243; _module_preset=&#8221;default&#8221; custom_margin=&#8221;||||false|false&#8221; custom_padding=&#8221;||||false|false&#8221; global_colors_info=&#8221;{}&#8221;][et_pb_fullwidth_portfolio include_categories=&#8221;40&#8243; show_date=&#8221;off&#8221; hover_overlay_color=&#8221;rgba(224,153,0,0.18)&#8221; _builder_version=&#8221;4.16&#8243; _module_preset=&#8221;default&#8221; background_enable_color=&#8221;off&#8221; custom_margin=&#8221;||||false|false&#8221; custom_padding=&#8221;||||false|false&#8221; auto=&#8221;on&#8221; box_shadow_style_image=&#8221;preset1&#8243; global_colors_info=&#8221;{}&#8221; child_filter_hue_rotate__hover_enabled=&#8221;on|desktop&#8221;][/et_pb_fullwidth_portfolio][/et_pb_section]</p>

<p>The Croatian Cultural Centre &#8220;Bunjevačko kolo&#8221; from Subotica emerged as the winner of the 21st edition of the renowned &#8220;Leron&#8221; International Folklore Festival. The jury, consisting of Lorella Limoncin Toth, Lidija Nikočević, and Massimo Brajković, praised the young folklorists from Serbia for their exceptional instrumental skills, authenticity in their dances, and the diversity of their [&hellip;]</p>
