{"id":4035,"date":"2023-08-24T12:57:29","date_gmt":"2023-08-24T10:57:29","guid":{"rendered":"https:\/\/festival-leron.com\/?post_type=project&#038;p=4035"},"modified":"2023-10-04T13:45:55","modified_gmt":"2023-10-04T11:45:55","slug":"leron-2022","status":"publish","type":"project","link":"https:\/\/festival-leron.com\/en\/project\/leron-2022\/","title":{"rendered":"Leron 2022"},"content":{"rendered":"<p>[et_pb_section fb_built=&#8221;1&#8243; fullwidth=&#8221;on&#8221; _builder_version=&#8221;4.16&#8243; _module_preset=&#8221;default&#8221; global_colors_info=&#8221;{}&#8221;][et_pb_fullwidth_header title=&#8221;Leron 2022&#8243; _builder_version=&#8221;4.22.1&#8243; _module_preset=&#8221;default&#8221; title_font=&#8221;|800|||||||&#8221; title_font_size=&#8221;63px&#8221; background_enable_color=&#8221;off&#8221; background_image=&#8221;https:\/\/festival-leron.com\/wp-content\/uploads\/2023\/08\/XXLeron_II-serata-52-2022.jpg&#8221; height=&#8221;650px&#8221; height_tablet=&#8221;&#8221; height_phone=&#8221;&#8221; height_last_edited=&#8221;on|desktop&#8221; title_text_shadow_style=&#8221;preset1&#8243; global_colors_info=&#8221;{}&#8221;][\/et_pb_fullwidth_header][\/et_pb_section][et_pb_section fb_built=&#8221;1&#8243; _builder_version=&#8221;4.16&#8243; _module_preset=&#8221;default&#8221; background_color=&#8221;#e2d9cf&#8221; global_colors_info=&#8221;{}&#8221;][et_pb_row column_structure=&#8221;3_4,1_4&#8243; use_custom_gutter=&#8221;on&#8221; gutter_width=&#8221;1&#8243; make_equal=&#8221;on&#8221; _builder_version=&#8221;4.16&#8243; _module_preset=&#8221;default&#8221; width=&#8221;100%&#8221; global_colors_info=&#8221;{}&#8221;][et_pb_column type=&#8221;3_4&#8243; _builder_version=&#8221;4.16&#8243; _module_preset=&#8221;default&#8221; global_colors_info=&#8221;{}&#8221;][et_pb_text _builder_version=&#8221;4.22.2&#8243; _module_preset=&#8221;default&#8221; text_font=&#8221;||||||||&#8221; text_font_size=&#8221;20px&#8221; custom_margin=&#8221;|20px||20px|false|false&#8221; global_colors_info=&#8221;{}&#8221;]The 20th &#8220;Leron&#8221; folklore festival, organized by the Italian Community of Vodnjan-Dignano, was joyfully celebrated after two years of restrictions. This year, the festival lasted one day longer, starting on Thursday evening with an event dedicated to Furlana. Dario Maru\u0161i\u0107, a musician, ethnomusicologist, and passionate scholar of traditional Istrian music, gave a conference on Furlana at Zagreba\u010dki trg-Piazza Zagabria, accompanied by performances from the folklore groups of the Italian Community of Vodnjan-Dignano and the Italian Community Gali\u017eana-Gallesano.<\/p>\n<p>A total of nine groups participated in the festival, including the brass band of the Italian Community of Buie and the skillful flag-wavers Contrada Bastia of Noale (Venice). The participating groups included folklore groups such as Pastoria of Borgo Furo (Treviso, Italy), I Brianzoli (Ponte Lambro, Italy), the Zampognaro Lagaro cultural association (Trento, Italy), the Inovec (Zlat\u00e9 Moravce, Slovakia), the cultural association Selja\u010dka sloga (Nedeli\u0161\u0107e, Croatia), the folklore society Pazin, and local groups, as well as the Society of Montenegrins of Peroi &#8220;Peroj 1657&#8221; and the Italian Communities of Vodnjan-Dignano and Gali\u017eana-Gallesano.<\/p>\n<p>The cultural association Selja\u010dka sloga was awarded the prize for the originality and philological accuracy of their costumes, representing the diversity of the folk costume of the Me\u0111imurje area. The Brianzoli of Ponte Lambro won the prize for their outstanding use of popular instruments and musical performance. The folklore group Inovec from Zlat\u00e9 Moravce, Slovakia, received recognition for their exceptional choreography and traditional dance. Lastly, the special &#8220;Leron&#8221; award was presented to the folklore group Pastoria del Borgo Furo (Treviso). The group was honored for their creative incorporation of theatrical elements that express everyday life stories in their performances of the &#8220;bal del pan&#8221; and the &#8220;bal del boter.&#8221; [\/et_pb_text][\/et_pb_column][et_pb_column type=&#8221;1_4&#8243; _builder_version=&#8221;4.16&#8243; _module_preset=&#8221;default&#8221; global_colors_info=&#8221;{}&#8221;][et_pb_image src=&#8221;https:\/\/festival-leron.com\/wp-content\/uploads\/2020\/12\/le-2022-500.png&#8221; title_text=&#8221;le-2022-500&#8243; align_tablet=&#8221;center&#8221; align_phone=&#8221;right&#8221; align_last_edited=&#8221;on|phone&#8221; _builder_version=&#8221;4.22.2&#8243; _module_preset=&#8221;default&#8221; global_colors_info=&#8221;{}&#8221;][\/et_pb_image][\/et_pb_column][\/et_pb_row][\/et_pb_section][et_pb_section fb_built=&#8221;1&#8243; _builder_version=&#8221;4.22.2&#8243; _module_preset=&#8221;default&#8221; background_color=&#8221;#846356&#8243; hover_enabled=&#8221;0&#8243; global_colors_info=&#8221;{}&#8221; disabled_on=&#8221;on|on|on&#8221; disabled=&#8221;on&#8221; sticky_enabled=&#8221;0&#8243;][et_pb_row _builder_version=&#8221;4.16&#8243; _module_preset=&#8221;default&#8221; global_colors_info=&#8221;{}&#8221;][et_pb_column type=&#8221;4_4&#8243; _builder_version=&#8221;4.16&#8243; _module_preset=&#8221;default&#8221; global_colors_info=&#8221;{}&#8221;][\/et_pb_column][\/et_pb_row][\/et_pb_section][et_pb_section fb_built=&#8221;1&#8243; disabled_on=&#8221;off|off|off&#8221; _builder_version=&#8221;4.16&#8243; _module_preset=&#8221;default&#8221; background_enable_image=&#8221;off&#8221; background_size=&#8221;contain&#8221; background_repeat=&#8221;repeat&#8221; custom_margin=&#8221;||||false|false&#8221; custom_padding=&#8221;0px||0px||false|false&#8221; global_colors_info=&#8221;{}&#8221;][et_pb_row use_custom_gutter=&#8221;on&#8221; gutter_width=&#8221;1&#8243; module_class=&#8221; et_pb_row_fullwidth&#8221; _builder_version=&#8221;4.16&#8243; _module_preset=&#8221;default&#8221; width=&#8221;100%&#8221; max_width=&#8221;100%&#8221; custom_padding=&#8221;1px||0px|||&#8221; global_colors_info=&#8221;{}&#8221;][et_pb_column type=&#8221;4_4&#8243; _builder_version=&#8221;4.16&#8243; _module_preset=&#8221;default&#8221; global_colors_info=&#8221;{}&#8221;][et_pb_gallery gallery_ids=&#8221;4040,4043,4046,4049,4052,4055,4058,4061,4064,4067,4070,4073,4076,4079,4082,4085,4088,4091,4094,4097,4100,4103,4106,4109&#8243; posts_number=&#8221;50&#8243; show_title_and_caption=&#8221;off&#8221; show_pagination=&#8221;off&#8221; zoom_icon_color=&#8221;#ffffff&#8221; hover_overlay_color=&#8221;rgba(0,0,0,0.2)&#8221; _builder_version=&#8221;4.22.1&#8243; _module_preset=&#8221;default&#8221; background_color=&#8221;#e2d9cf&#8221; custom_margin=&#8221;||-6px|||&#8221; global_colors_info=&#8221;{}&#8221;][\/et_pb_gallery][\/et_pb_column][\/et_pb_row][\/et_pb_section][et_pb_section fb_built=&#8221;1&#8243; disabled_on=&#8221;off|off|off&#8221; admin_label=&#8221;PDF Section&#8221; _builder_version=&#8221;4.16&#8243; _module_preset=&#8221;default&#8221; background_color=&#8221;#846356&#8243; global_colors_info=&#8221;{}&#8221;][et_pb_row _builder_version=&#8221;4.16&#8243; _module_preset=&#8221;default&#8221; global_colors_info=&#8221;{}&#8221;][et_pb_column type=&#8221;4_4&#8243; _builder_version=&#8221;4.16&#8243; _module_preset=&#8221;default&#8221; global_colors_info=&#8221;{}&#8221;][et_pb_image src=&#8221;https:\/\/festival-leron.com\/wp-content\/uploads\/2023\/08\/2022-manifesto-scaled.jpg&#8221; title_text=&#8221;2022-manifesto&#8221; _builder_version=&#8221;4.22.1&#8243; _module_preset=&#8221;default&#8221; global_colors_info=&#8221;{}&#8221;][\/et_pb_image][et_pb_code admin_label=&#8221;La Voce PDF 2022&#8243; _builder_version=&#8221;4.22.1&#8243; _module_preset=&#8221;default&#8221; global_colors_info=&#8221;{}&#8221;]<a href=\"https:\/\/festival-leron.com\/wp-content\/uploads\/2023\/08\/2022-articolo-voce-2.pdf\" class=\"pdfemb-viewer\" style=\"\" data-width=\"max\" data-height=\"max\" data-toolbar=\"bottom\" data-toolbar-fixed=\"off\">2022-articolo-voce-2<\/a>[\/et_pb_code][et_pb_code admin_label=&#8221;Glas Istre 1 2022&#8243; _builder_version=&#8221;4.22.1&#8243; _module_preset=&#8221;default&#8221; global_colors_info=&#8221;{}&#8221;]<a href=\"https:\/\/festival-leron.com\/wp-content\/uploads\/2023\/08\/2022-glasistre1.pdf\" class=\"pdfemb-viewer\" style=\"\" data-width=\"max\" data-height=\"max\" data-toolbar=\"bottom\" data-toolbar-fixed=\"off\">2022-glasistre1<\/a>[\/et_pb_code][et_pb_code admin_label=&#8221;Glas Istre 2 2022&#8243; _builder_version=&#8221;4.22.1&#8243; _module_preset=&#8221;default&#8221; global_colors_info=&#8221;{}&#8221;]<a href=\"https:\/\/festival-leron.com\/wp-content\/uploads\/2023\/08\/2022-glasistre2.pdf\" class=\"pdfemb-viewer\" style=\"\" data-width=\"max\" data-height=\"max\" data-toolbar=\"bottom\" data-toolbar-fixed=\"off\">2022-glasistre2<\/a>[\/et_pb_code][\/et_pb_column][\/et_pb_row][\/et_pb_section][et_pb_section fb_built=&#8221;1&#8243; fullwidth=&#8221;on&#8221; admin_label=&#8221;Razmak sme\u0111i tamni&#8221; _builder_version=&#8221;4.16&#8243; _module_preset=&#8221;default&#8221; global_colors_info=&#8221;{}&#8221;][et_pb_fullwidth_code _builder_version=&#8221;4.16&#8243; _module_preset=&#8221;default&#8221; background_color=&#8221;#846356&#8243; min_height=&#8221;20px&#8221; height=&#8221;20px&#8221; max_height=&#8221;20px&#8221; custom_margin=&#8221;||||false|false&#8221; custom_padding=&#8221;||||false|false&#8221; global_colors_info=&#8221;{}&#8221;][\/et_pb_fullwidth_code][\/et_pb_section][et_pb_section fb_built=&#8221;1&#8243; fullwidth=&#8221;on&#8221; _builder_version=&#8221;4.16&#8243; _module_preset=&#8221;default&#8221; custom_margin=&#8221;||||false|false&#8221; custom_padding=&#8221;||||false|false&#8221; global_colors_info=&#8221;{}&#8221;][et_pb_fullwidth_portfolio include_categories=&#8221;40&#8243; show_date=&#8221;off&#8221; hover_overlay_color=&#8221;rgba(224,153,0,0.18)&#8221; _builder_version=&#8221;4.16&#8243; _module_preset=&#8221;default&#8221; background_enable_color=&#8221;off&#8221; custom_margin=&#8221;||||false|false&#8221; custom_padding=&#8221;||||false|false&#8221; auto=&#8221;on&#8221; box_shadow_style_image=&#8221;preset1&#8243; global_colors_info=&#8221;{}&#8221; child_filter_hue_rotate__hover_enabled=&#8221;on|desktop&#8221;][\/et_pb_fullwidth_portfolio][\/et_pb_section]<\/p>\n","protected":false},"excerpt":{"rendered":"<p>The 20th &#8220;Leron&#8221; folklore festival, organized by the Italian Community of Vodnjan-Dignano, was joyfully celebrated after two years of restrictions. This year, the festival lasted one day longer, starting on Thursday evening with an event dedicated to Furlana. Dario Maru\u0161i\u0107, a musician, ethnomusicologist, and passionate scholar of traditional Istrian music, gave a conference on Furlana [&hellip;]<\/p>\n","protected":false},"author":1,"featured_media":2066,"comment_status":"open","ping_status":"closed","template":"","meta":{"_et_pb_use_builder":"on","_et_pb_old_content":"","_et_gb_content_width":"","footnotes":""},"project_category":[52],"project_tag":[],"class_list":["post-4035","project","type-project","status-publish","has-post-thumbnail","hentry","project_category-godina-en"],"_links":{"self":[{"href":"https:\/\/festival-leron.com\/en\/wp-json\/wp\/v2\/project\/4035","targetHints":{"allow":["GET"]}}],"collection":[{"href":"https:\/\/festival-leron.com\/en\/wp-json\/wp\/v2\/project"}],"about":[{"href":"https:\/\/festival-leron.com\/en\/wp-json\/wp\/v2\/types\/project"}],"author":[{"embeddable":true,"href":"https:\/\/festival-leron.com\/en\/wp-json\/wp\/v2\/users\/1"}],"replies":[{"embeddable":true,"href":"https:\/\/festival-leron.com\/en\/wp-json\/wp\/v2\/comments?post=4035"}],"version-history":[{"count":7,"href":"https:\/\/festival-leron.com\/en\/wp-json\/wp\/v2\/project\/4035\/revisions"}],"predecessor-version":[{"id":4154,"href":"https:\/\/festival-leron.com\/en\/wp-json\/wp\/v2\/project\/4035\/revisions\/4154"}],"wp:featuredmedia":[{"embeddable":true,"href":"https:\/\/festival-leron.com\/en\/wp-json\/wp\/v2\/media\/2066"}],"wp:attachment":[{"href":"https:\/\/festival-leron.com\/en\/wp-json\/wp\/v2\/media?parent=4035"}],"wp:term":[{"taxonomy":"project_category","embeddable":true,"href":"https:\/\/festival-leron.com\/en\/wp-json\/wp\/v2\/project_category?post=4035"},{"taxonomy":"project_tag","embeddable":true,"href":"https:\/\/festival-leron.com\/en\/wp-json\/wp\/v2\/project_tag?post=4035"}],"curies":[{"name":"wp","href":"https:\/\/api.w.org\/{rel}","templated":true}]}}

<p>[et_pb_section fb_built=&#8221;1&#8243; fullwidth=&#8221;on&#8221; _builder_version=&#8221;4.16&#8243; _module_preset=&#8221;default&#8221; global_colors_info=&#8221;{}&#8221;][et_pb_fullwidth_header title=&#8221;Leron 2022&#8243; _builder_version=&#8221;4.22.1&#8243; _module_preset=&#8221;default&#8221; title_font=&#8221;|800|||||||&#8221; title_font_size=&#8221;63px&#8221; background_enable_color=&#8221;off&#8221; background_image=&#8221;https://festival-leron.com/wp-content/uploads/2023/08/XXLeron_II-serata-52-2022.jpg&#8221; height=&#8221;650px&#8221; height_tablet=&#8221;&#8221; height_phone=&#8221;&#8221; height_last_edited=&#8221;on|desktop&#8221; title_text_shadow_style=&#8221;preset1&#8243; global_colors_info=&#8221;{}&#8221;][/et_pb_fullwidth_header][/et_pb_section][et_pb_section fb_built=&#8221;1&#8243; _builder_version=&#8221;4.16&#8243; _module_preset=&#8221;default&#8221; background_color=&#8221;#e2d9cf&#8221; global_colors_info=&#8221;{}&#8221;][et_pb_row column_structure=&#8221;3_4,1_4&#8243; use_custom_gutter=&#8221;on&#8221; gutter_width=&#8221;1&#8243; make_equal=&#8221;on&#8221; _builder_version=&#8221;4.16&#8243; _module_preset=&#8221;default&#8221; width=&#8221;100%&#8221; global_colors_info=&#8221;{}&#8221;][et_pb_column type=&#8221;3_4&#8243; _builder_version=&#8221;4.16&#8243; _module_preset=&#8221;default&#8221; global_colors_info=&#8221;{}&#8221;][et_pb_text _builder_version=&#8221;4.22.2&#8243; _module_preset=&#8221;default&#8221; text_font=&#8221;||||||||&#8221; text_font_size=&#8221;20px&#8221; custom_margin=&#8221;|20px||20px|false|false&#8221; global_colors_info=&#8221;{}&#8221;]The 20th &#8220;Leron&#8221; folklore festival, organized by the Italian Community of Vodnjan-Dignano, was joyfully celebrated after two years of restrictions. This year, the festival lasted one day longer, starting on Thursday evening with an event dedicated to Furlana. Dario Marušić, a musician, ethnomusicologist, and passionate scholar of traditional Istrian music, gave a conference on Furlana at Zagrebački trg-Piazza Zagabria, accompanied by performances from the folklore groups of the Italian Community of Vodnjan-Dignano and the Italian Community Galižana-Gallesano.</p>
<p>A total of nine groups participated in the festival, including the brass band of the Italian Community of Buie and the skillful flag-wavers Contrada Bastia of Noale (Venice). The participating groups included folklore groups such as Pastoria of Borgo Furo (Treviso, Italy), I Brianzoli (Ponte Lambro, Italy), the Zampognaro Lagaro cultural association (Trento, Italy), the Inovec (Zlaté Moravce, Slovakia), the cultural association Seljačka sloga (Nedelišće, Croatia), the folklore society Pazin, and local groups, as well as the Society of Montenegrins of Peroi &#8220;Peroj 1657&#8221; and the Italian Communities of Vodnjan-Dignano and Galižana-Gallesano.</p>
<p>The cultural association Seljačka sloga was awarded the prize for the originality and philological accuracy of their costumes, representing the diversity of the folk costume of the Međimurje area. The Brianzoli of Ponte Lambro won the prize for their outstanding use of popular instruments and musical performance. The folklore group Inovec from Zlaté Moravce, Slovakia, received recognition for their exceptional choreography and traditional dance. Lastly, the special &#8220;Leron&#8221; award was presented to the folklore group Pastoria del Borgo Furo (Treviso). The group was honored for their creative incorporation of theatrical elements that express everyday life stories in their performances of the &#8220;bal del pan&#8221; and the &#8220;bal del boter.&#8221; [/et_pb_text][/et_pb_column][et_pb_column type=&#8221;1_4&#8243; _builder_version=&#8221;4.16&#8243; _module_preset=&#8221;default&#8221; global_colors_info=&#8221;{}&#8221;][et_pb_image src=&#8221;https://festival-leron.com/wp-content/uploads/2020/12/le-2022-500.png&#8221; title_text=&#8221;le-2022-500&#8243; align_tablet=&#8221;center&#8221; align_phone=&#8221;right&#8221; align_last_edited=&#8221;on|phone&#8221; _builder_version=&#8221;4.22.2&#8243; _module_preset=&#8221;default&#8221; global_colors_info=&#8221;{}&#8221;][/et_pb_image][/et_pb_column][/et_pb_row][/et_pb_section][et_pb_section fb_built=&#8221;1&#8243; _builder_version=&#8221;4.22.2&#8243; _module_preset=&#8221;default&#8221; background_color=&#8221;#846356&#8243; hover_enabled=&#8221;0&#8243; global_colors_info=&#8221;{}&#8221; disabled_on=&#8221;on|on|on&#8221; disabled=&#8221;on&#8221; sticky_enabled=&#8221;0&#8243;][et_pb_row _builder_version=&#8221;4.16&#8243; _module_preset=&#8221;default&#8221; global_colors_info=&#8221;{}&#8221;][et_pb_column type=&#8221;4_4&#8243; _builder_version=&#8221;4.16&#8243; _module_preset=&#8221;default&#8221; global_colors_info=&#8221;{}&#8221;][/et_pb_column][/et_pb_row][/et_pb_section][et_pb_section fb_built=&#8221;1&#8243; disabled_on=&#8221;off|off|off&#8221; _builder_version=&#8221;4.16&#8243; _module_preset=&#8221;default&#8221; background_enable_image=&#8221;off&#8221; background_size=&#8221;contain&#8221; background_repeat=&#8221;repeat&#8221; custom_margin=&#8221;||||false|false&#8221; custom_padding=&#8221;0px||0px||false|false&#8221; global_colors_info=&#8221;{}&#8221;][et_pb_row use_custom_gutter=&#8221;on&#8221; gutter_width=&#8221;1&#8243; module_class=&#8221; et_pb_row_fullwidth&#8221; _builder_version=&#8221;4.16&#8243; _module_preset=&#8221;default&#8221; width=&#8221;100%&#8221; max_width=&#8221;100%&#8221; custom_padding=&#8221;1px||0px|||&#8221; global_colors_info=&#8221;{}&#8221;][et_pb_column type=&#8221;4_4&#8243; _builder_version=&#8221;4.16&#8243; _module_preset=&#8221;default&#8221; global_colors_info=&#8221;{}&#8221;][et_pb_gallery gallery_ids=&#8221;4040,4043,4046,4049,4052,4055,4058,4061,4064,4067,4070,4073,4076,4079,4082,4085,4088,4091,4094,4097,4100,4103,4106,4109&#8243; posts_number=&#8221;50&#8243; show_title_and_caption=&#8221;off&#8221; show_pagination=&#8221;off&#8221; zoom_icon_color=&#8221;#ffffff&#8221; hover_overlay_color=&#8221;rgba(0,0,0,0.2)&#8221; _builder_version=&#8221;4.22.1&#8243; _module_preset=&#8221;default&#8221; background_color=&#8221;#e2d9cf&#8221; custom_margin=&#8221;||-6px|||&#8221; global_colors_info=&#8221;{}&#8221;][/et_pb_gallery][/et_pb_column][/et_pb_row][/et_pb_section][et_pb_section fb_built=&#8221;1&#8243; disabled_on=&#8221;off|off|off&#8221; admin_label=&#8221;PDF Section&#8221; _builder_version=&#8221;4.16&#8243; _module_preset=&#8221;default&#8221; background_color=&#8221;#846356&#8243; global_colors_info=&#8221;{}&#8221;][et_pb_row _builder_version=&#8221;4.16&#8243; _module_preset=&#8221;default&#8221; global_colors_info=&#8221;{}&#8221;][et_pb_column type=&#8221;4_4&#8243; _builder_version=&#8221;4.16&#8243; _module_preset=&#8221;default&#8221; global_colors_info=&#8221;{}&#8221;][et_pb_image src=&#8221;https://festival-leron.com/wp-content/uploads/2023/08/2022-manifesto-scaled.jpg&#8221; title_text=&#8221;2022-manifesto&#8221; _builder_version=&#8221;4.22.1&#8243; _module_preset=&#8221;default&#8221; global_colors_info=&#8221;{}&#8221;][/et_pb_image][et_pb_code admin_label=&#8221;La Voce PDF 2022&#8243; _builder_version=&#8221;4.22.1&#8243; _module_preset=&#8221;default&#8221; global_colors_info=&#8221;{}&#8221;]<a href="https://festival-leron.com/wp-content/uploads/2023/08/2022-articolo-voce-2.pdf" class="pdfemb-viewer" style="" data-width="max" data-height="max" data-toolbar="bottom" data-toolbar-fixed="off">2022-articolo-voce-2</a>[/et_pb_code][et_pb_code admin_label=&#8221;Glas Istre 1 2022&#8243; _builder_version=&#8221;4.22.1&#8243; _module_preset=&#8221;default&#8221; global_colors_info=&#8221;{}&#8221;]<a href="https://festival-leron.com/wp-content/uploads/2023/08/2022-glasistre1.pdf" class="pdfemb-viewer" style="" data-width="max" data-height="max" data-toolbar="bottom" data-toolbar-fixed="off">2022-glasistre1</a>[/et_pb_code][et_pb_code admin_label=&#8221;Glas Istre 2 2022&#8243; _builder_version=&#8221;4.22.1&#8243; _module_preset=&#8221;default&#8221; global_colors_info=&#8221;{}&#8221;]<a href="https://festival-leron.com/wp-content/uploads/2023/08/2022-glasistre2.pdf" class="pdfemb-viewer" style="" data-width="max" data-height="max" data-toolbar="bottom" data-toolbar-fixed="off">2022-glasistre2</a>[/et_pb_code][/et_pb_column][/et_pb_row][/et_pb_section][et_pb_section fb_built=&#8221;1&#8243; fullwidth=&#8221;on&#8221; admin_label=&#8221;Razmak smeđi tamni&#8221; _builder_version=&#8221;4.16&#8243; _module_preset=&#8221;default&#8221; global_colors_info=&#8221;{}&#8221;][et_pb_fullwidth_code _builder_version=&#8221;4.16&#8243; _module_preset=&#8221;default&#8221; background_color=&#8221;#846356&#8243; min_height=&#8221;20px&#8221; height=&#8221;20px&#8221; max_height=&#8221;20px&#8221; custom_margin=&#8221;||||false|false&#8221; custom_padding=&#8221;||||false|false&#8221; global_colors_info=&#8221;{}&#8221;][/et_pb_fullwidth_code][/et_pb_section][et_pb_section fb_built=&#8221;1&#8243; fullwidth=&#8221;on&#8221; _builder_version=&#8221;4.16&#8243; _module_preset=&#8221;default&#8221; custom_margin=&#8221;||||false|false&#8221; custom_padding=&#8221;||||false|false&#8221; global_colors_info=&#8221;{}&#8221;][et_pb_fullwidth_portfolio include_categories=&#8221;40&#8243; show_date=&#8221;off&#8221; hover_overlay_color=&#8221;rgba(224,153,0,0.18)&#8221; _builder_version=&#8221;4.16&#8243; _module_preset=&#8221;default&#8221; background_enable_color=&#8221;off&#8221; custom_margin=&#8221;||||false|false&#8221; custom_padding=&#8221;||||false|false&#8221; auto=&#8221;on&#8221; box_shadow_style_image=&#8221;preset1&#8243; global_colors_info=&#8221;{}&#8221; child_filter_hue_rotate__hover_enabled=&#8221;on|desktop&#8221;][/et_pb_fullwidth_portfolio][/et_pb_section]</p>

<p>The 20th &#8220;Leron&#8221; folklore festival, organized by the Italian Community of Vodnjan-Dignano, was joyfully celebrated after two years of restrictions. This year, the festival lasted one day longer, starting on Thursday evening with an event dedicated to Furlana. Dario Marušić, a musician, ethnomusicologist, and passionate scholar of traditional Istrian music, gave a conference on Furlana [&hellip;]</p>
