{"id":3496,"date":"2020-12-14T05:00:35","date_gmt":"2020-12-14T04:00:35","guid":{"rendered":"https:\/\/festival-leron.com\/project\/leron-2001\/"},"modified":"2020-12-27T09:23:18","modified_gmt":"2020-12-27T08:23:18","slug":"leron-2001","status":"publish","type":"project","link":"https:\/\/festival-leron.com\/en\/project\/leron-2001\/","title":{"rendered":"Leron 2001"},"content":{"rendered":"<p>[et_pb_section fb_built=&#8221;1&#8243; fullwidth=&#8221;on&#8221; _builder_version=&#8221;4.7.6&#8243; _module_preset=&#8221;default&#8221;][et_pb_fullwidth_header title=&#8221;Leron 2001&#8243; _builder_version=&#8221;4.7.7&#8243; _module_preset=&#8221;default&#8221; title_font=&#8221;|800|||||||&#8221; title_font_size=&#8221;63px&#8221; background_image=&#8221;https:\/\/festival-leron.com\/wp-content\/uploads\/2020\/12\/Leron2001-13-2000.jpg&#8221; height=&#8221;650px&#8221; hover_enabled=&#8221;0&#8243; title_text_shadow_style=&#8221;preset1&#8243; height_last_edited=&#8221;on|tablet&#8221; sticky_enabled=&#8221;0&#8243;][\/et_pb_fullwidth_header][\/et_pb_section][et_pb_section fb_built=&#8221;1&#8243; _builder_version=&#8221;4.7.6&#8243; _module_preset=&#8221;default&#8221; background_color=&#8221;#e2d9cf&#8221;][et_pb_row column_structure=&#8221;3_4,1_4&#8243; use_custom_gutter=&#8221;on&#8221; gutter_width=&#8221;1&#8243; make_equal=&#8221;on&#8221; _builder_version=&#8221;4.7.6&#8243; _module_preset=&#8221;default&#8221; width=&#8221;100%&#8221;][et_pb_column type=&#8221;3_4&#8243; _builder_version=&#8221;4.7.6&#8243; _module_preset=&#8221;default&#8221;][et_pb_text _builder_version=&#8221;4.7.7&#8243; _module_preset=&#8221;default&#8221; text_font=&#8221;||||||||&#8221; text_font_size=&#8221;20px&#8221; hover_enabled=&#8221;0&#8243; custom_margin_last_edited=&#8221;on|tablet&#8221; custom_margin_tablet=&#8221;|25px||25px|false|false&#8221; sticky_enabled=&#8221;0&#8243;]<\/p>\n<p>The first edition of the International Folklore Festival brought performers from Croatia, Italy and Slovenia. Even the impending rain surrendered to the importance of this event, allowing the show to continue successfully. The day started with a round table with a theme &#8220;Cultural enhancement of folk costumes and traditional folk dances&#8221;. In the evening, the audience enjoyed the parade and performances by the groups from \u00d0akovo (Slavonia), Rovinj, Ra\u0161a, Peroj, \u0160empeter pri Gorici (Slovenia), Gali\u017eana, Nerezine (Mali Lo\u0161inj &#8211; Croatia), Treviso &#8211; Italy (bagpipers of the Baghe della Zosagna and a folk group from Treviso) and Vodnjan (a folk group of the Italian Community of Vodnjan Istria and the Folklore ensemble Balun).<\/p>\n<p>The awards for the originality of the costumes, instruments and musical accompaniment went respectively to the Italian Community of Vodnjan and Gali\u017eana. Whereas, the prize for the authenticity and the synchrony of the dances went to the group &#8220;Studenac&#8221; from Nerezine.<\/p>\n<p>[\/et_pb_text][\/et_pb_column][et_pb_column type=&#8221;1_4&#8243; _builder_version=&#8221;4.7.6&#8243; _module_preset=&#8221;default&#8221;][et_pb_image src=&#8221;https:\/\/festival-leron.com\/wp-content\/uploads\/2020\/12\/le-2001-500.png&#8221; title_text=&#8221;le-2001-500&#8243; _builder_version=&#8221;4.7.7&#8243; _module_preset=&#8221;default&#8221; hover_enabled=&#8221;0&#8243; align_last_edited=&#8221;on|tablet&#8221; align_tablet=&#8221;center&#8221; sticky_enabled=&#8221;0&#8243;][\/et_pb_image][\/et_pb_column][\/et_pb_row][\/et_pb_section][et_pb_section fb_built=&#8221;1&#8243; _builder_version=&#8221;4.7.6&#8243; _module_preset=&#8221;default&#8221; background_enable_image=&#8221;off&#8221; background_size=&#8221;contain&#8221; background_repeat=&#8221;repeat&#8221; custom_margin=&#8221;||||false|false&#8221; custom_padding=&#8221;0px||0px||false|false&#8221;][et_pb_row use_custom_gutter=&#8221;on&#8221; gutter_width=&#8221;1&#8243; module_class=&#8221; et_pb_row_fullwidth&#8221; _builder_version=&#8221;4.7.6&#8243; _module_preset=&#8221;default&#8221; width=&#8221;100%&#8221; max_width=&#8221;100%&#8221; custom_padding=&#8221;1px||0px|||&#8221;][et_pb_column type=&#8221;4_4&#8243; _builder_version=&#8221;4.7.6&#8243; _module_preset=&#8221;default&#8221;][et_pb_gallery gallery_ids=&#8221;3490,3487,3484,3481,3478,3475,3472,3469,3466,3463,3460,3457,3454,3451,3448,3445,3442,3439,3436,3433,3430,3427,3424,3421,3418&#8243; posts_number=&#8221;50&#8243; show_title_and_caption=&#8221;off&#8221; show_pagination=&#8221;off&#8221; zoom_icon_color=&#8221;#ffffff&#8221; hover_overlay_color=&#8221;rgba(0,0,0,0.2)&#8221; _builder_version=&#8221;4.7.7&#8243; _module_preset=&#8221;default&#8221; background_color=&#8221;#e2d9cf&#8221; custom_margin=&#8221;||-6px|||&#8221;][\/et_pb_gallery][\/et_pb_column][\/et_pb_row][\/et_pb_section][et_pb_section fb_built=&#8221;1&#8243; admin_label=&#8221;PDF Section&#8221; _builder_version=&#8221;4.7.7&#8243; _module_preset=&#8221;default&#8221; background_color=&#8221;#846356&#8243;][et_pb_row _builder_version=&#8221;4.7.7&#8243; _module_preset=&#8221;default&#8221;][et_pb_column type=&#8221;4_4&#8243; _builder_version=&#8221;4.7.7&#8243; _module_preset=&#8221;default&#8221;][et_pb_code admin_label=&#8221;La Voce PDF&#8221; _builder_version=&#8221;4.7.7&#8243; _module_preset=&#8221;default&#8221;]<a href=\"https:\/\/festival-leron.com\/wp-content\/uploads\/2020\/12\/LVDP-Leron-2001o.pdf\" class=\"pdfemb-viewer\" style=\"\" data-width=\"max\" data-height=\"max\" data-toolbar=\"bottom\" data-toolbar-fixed=\"off\">LVDP-Leron-2001o<\/a>[\/et_pb_code][et_pb_code admin_label=&#8221;Gi PDF&#8221; _builder_version=&#8221;4.7.7&#8243; _module_preset=&#8221;default&#8221;]<a href=\"https:\/\/festival-leron.com\/wp-content\/uploads\/2020\/12\/Gi2001-Zasvirao-je-leron-i-pocela-festa_GI-17-9-2001.pdf\" class=\"pdfemb-viewer\" style=\"\" data-width=\"max\" data-height=\"max\" data-toolbar=\"bottom\" data-toolbar-fixed=\"off\">Gi2001-Zasvirao-je-leron-i-pocela-festa_GI-17-9-2001<\/a>[\/et_pb_code][\/et_pb_column][\/et_pb_row][\/et_pb_section][et_pb_section fb_built=&#8221;1&#8243; fullwidth=&#8221;on&#8221; admin_label=&#8221;Razmak sme\u0111i tamni&#8221; _builder_version=&#8221;4.7.7&#8243; _module_preset=&#8221;default&#8221;][et_pb_fullwidth_code _builder_version=&#8221;4.7.7&#8243; _module_preset=&#8221;default&#8221; background_color=&#8221;#846356&#8243; min_height=&#8221;20px&#8221; height=&#8221;20px&#8221; max_height=&#8221;20px&#8221; custom_margin=&#8221;||||false|false&#8221; custom_padding=&#8221;||||false|false&#8221;][\/et_pb_fullwidth_code][\/et_pb_section][et_pb_section fb_built=&#8221;1&#8243; fullwidth=&#8221;on&#8221; _builder_version=&#8221;4.7.7&#8243; _module_preset=&#8221;default&#8221; custom_margin=&#8221;||||false|false&#8221; custom_padding=&#8221;||||false|false&#8221;][et_pb_fullwidth_portfolio include_categories=&#8221;40&#8243; show_date=&#8221;off&#8221; hover_overlay_color=&#8221;rgba(224,153,0,0.18)&#8221; _builder_version=&#8221;4.7.6&#8243; _module_preset=&#8221;default&#8221; background_enable_color=&#8221;off&#8221; custom_margin=&#8221;||||false|false&#8221; custom_padding=&#8221;||||false|false&#8221; auto=&#8221;on&#8221; box_shadow_style_image=&#8221;preset1&#8243; child_filter_hue_rotate__hover_enabled=&#8221;on|desktop&#8221;][\/et_pb_fullwidth_portfolio][\/et_pb_section]<\/p>\n","protected":false},"excerpt":{"rendered":"<p>The first edition of the International Folklore Festival brought performers from Croatia, Italy and Slovenia. Even the impending rain surrendered to the importance of this event, allowing the show to continue successfully. The day started with a round table with a theme &#8220;Cultural enhancement of folk costumes and traditional folk dances&#8221;. In the evening, the [&hellip;]<\/p>\n","protected":false},"author":1,"featured_media":2069,"comment_status":"open","ping_status":"closed","template":"","meta":{"_et_pb_use_builder":"on","_et_pb_old_content":"","_et_gb_content_width":"","footnotes":""},"project_category":[52],"project_tag":[],"class_list":["post-3496","project","type-project","status-publish","has-post-thumbnail","hentry","project_category-godina-en"],"_links":{"self":[{"href":"https:\/\/festival-leron.com\/en\/wp-json\/wp\/v2\/project\/3496","targetHints":{"allow":["GET"]}}],"collection":[{"href":"https:\/\/festival-leron.com\/en\/wp-json\/wp\/v2\/project"}],"about":[{"href":"https:\/\/festival-leron.com\/en\/wp-json\/wp\/v2\/types\/project"}],"author":[{"embeddable":true,"href":"https:\/\/festival-leron.com\/en\/wp-json\/wp\/v2\/users\/1"}],"replies":[{"embeddable":true,"href":"https:\/\/festival-leron.com\/en\/wp-json\/wp\/v2\/comments?post=3496"}],"version-history":[{"count":4,"href":"https:\/\/festival-leron.com\/en\/wp-json\/wp\/v2\/project\/3496\/revisions"}],"predecessor-version":[{"id":3901,"href":"https:\/\/festival-leron.com\/en\/wp-json\/wp\/v2\/project\/3496\/revisions\/3901"}],"wp:featuredmedia":[{"embeddable":true,"href":"https:\/\/festival-leron.com\/en\/wp-json\/wp\/v2\/media\/2069"}],"wp:attachment":[{"href":"https:\/\/festival-leron.com\/en\/wp-json\/wp\/v2\/media?parent=3496"}],"wp:term":[{"taxonomy":"project_category","embeddable":true,"href":"https:\/\/festival-leron.com\/en\/wp-json\/wp\/v2\/project_category?post=3496"},{"taxonomy":"project_tag","embeddable":true,"href":"https:\/\/festival-leron.com\/en\/wp-json\/wp\/v2\/project_tag?post=3496"}],"curies":[{"name":"wp","href":"https:\/\/api.w.org\/{rel}","templated":true}]}}

<p>[et_pb_section fb_built=&#8221;1&#8243; fullwidth=&#8221;on&#8221; _builder_version=&#8221;4.7.6&#8243; _module_preset=&#8221;default&#8221;][et_pb_fullwidth_header title=&#8221;Leron 2001&#8243; _builder_version=&#8221;4.7.7&#8243; _module_preset=&#8221;default&#8221; title_font=&#8221;|800|||||||&#8221; title_font_size=&#8221;63px&#8221; background_image=&#8221;https://festival-leron.com/wp-content/uploads/2020/12/Leron2001-13-2000.jpg&#8221; height=&#8221;650px&#8221; hover_enabled=&#8221;0&#8243; title_text_shadow_style=&#8221;preset1&#8243; height_last_edited=&#8221;on|tablet&#8221; sticky_enabled=&#8221;0&#8243;][/et_pb_fullwidth_header][/et_pb_section][et_pb_section fb_built=&#8221;1&#8243; _builder_version=&#8221;4.7.6&#8243; _module_preset=&#8221;default&#8221; background_color=&#8221;#e2d9cf&#8221;][et_pb_row column_structure=&#8221;3_4,1_4&#8243; use_custom_gutter=&#8221;on&#8221; gutter_width=&#8221;1&#8243; make_equal=&#8221;on&#8221; _builder_version=&#8221;4.7.6&#8243; _module_preset=&#8221;default&#8221; width=&#8221;100%&#8221;][et_pb_column type=&#8221;3_4&#8243; _builder_version=&#8221;4.7.6&#8243; _module_preset=&#8221;default&#8221;][et_pb_text _builder_version=&#8221;4.7.7&#8243; _module_preset=&#8221;default&#8221; text_font=&#8221;||||||||&#8221; text_font_size=&#8221;20px&#8221; hover_enabled=&#8221;0&#8243; custom_margin_last_edited=&#8221;on|tablet&#8221; custom_margin_tablet=&#8221;|25px||25px|false|false&#8221; sticky_enabled=&#8221;0&#8243;]</p>
<p>The first edition of the International Folklore Festival brought performers from Croatia, Italy and Slovenia. Even the impending rain surrendered to the importance of this event, allowing the show to continue successfully. The day started with a round table with a theme &#8220;Cultural enhancement of folk costumes and traditional folk dances&#8221;. In the evening, the audience enjoyed the parade and performances by the groups from Ðakovo (Slavonia), Rovinj, Raša, Peroj, Šempeter pri Gorici (Slovenia), Galižana, Nerezine (Mali Lošinj &#8211; Croatia), Treviso &#8211; Italy (bagpipers of the Baghe della Zosagna and a folk group from Treviso) and Vodnjan (a folk group of the Italian Community of Vodnjan Istria and the Folklore ensemble Balun).</p>
<p>The awards for the originality of the costumes, instruments and musical accompaniment went respectively to the Italian Community of Vodnjan and Galižana. Whereas, the prize for the authenticity and the synchrony of the dances went to the group &#8220;Studenac&#8221; from Nerezine.</p>
<p>[/et_pb_text][/et_pb_column][et_pb_column type=&#8221;1_4&#8243; _builder_version=&#8221;4.7.6&#8243; _module_preset=&#8221;default&#8221;][et_pb_image src=&#8221;https://festival-leron.com/wp-content/uploads/2020/12/le-2001-500.png&#8221; title_text=&#8221;le-2001-500&#8243; _builder_version=&#8221;4.7.7&#8243; _module_preset=&#8221;default&#8221; hover_enabled=&#8221;0&#8243; align_last_edited=&#8221;on|tablet&#8221; align_tablet=&#8221;center&#8221; sticky_enabled=&#8221;0&#8243;][/et_pb_image][/et_pb_column][/et_pb_row][/et_pb_section][et_pb_section fb_built=&#8221;1&#8243; _builder_version=&#8221;4.7.6&#8243; _module_preset=&#8221;default&#8221; background_enable_image=&#8221;off&#8221; background_size=&#8221;contain&#8221; background_repeat=&#8221;repeat&#8221; custom_margin=&#8221;||||false|false&#8221; custom_padding=&#8221;0px||0px||false|false&#8221;][et_pb_row use_custom_gutter=&#8221;on&#8221; gutter_width=&#8221;1&#8243; module_class=&#8221; et_pb_row_fullwidth&#8221; _builder_version=&#8221;4.7.6&#8243; _module_preset=&#8221;default&#8221; width=&#8221;100%&#8221; max_width=&#8221;100%&#8221; custom_padding=&#8221;1px||0px|||&#8221;][et_pb_column type=&#8221;4_4&#8243; _builder_version=&#8221;4.7.6&#8243; _module_preset=&#8221;default&#8221;][et_pb_gallery gallery_ids=&#8221;3490,3487,3484,3481,3478,3475,3472,3469,3466,3463,3460,3457,3454,3451,3448,3445,3442,3439,3436,3433,3430,3427,3424,3421,3418&#8243; posts_number=&#8221;50&#8243; show_title_and_caption=&#8221;off&#8221; show_pagination=&#8221;off&#8221; zoom_icon_color=&#8221;#ffffff&#8221; hover_overlay_color=&#8221;rgba(0,0,0,0.2)&#8221; _builder_version=&#8221;4.7.7&#8243; _module_preset=&#8221;default&#8221; background_color=&#8221;#e2d9cf&#8221; custom_margin=&#8221;||-6px|||&#8221;][/et_pb_gallery][/et_pb_column][/et_pb_row][/et_pb_section][et_pb_section fb_built=&#8221;1&#8243; admin_label=&#8221;PDF Section&#8221; _builder_version=&#8221;4.7.7&#8243; _module_preset=&#8221;default&#8221; background_color=&#8221;#846356&#8243;][et_pb_row _builder_version=&#8221;4.7.7&#8243; _module_preset=&#8221;default&#8221;][et_pb_column type=&#8221;4_4&#8243; _builder_version=&#8221;4.7.7&#8243; _module_preset=&#8221;default&#8221;][et_pb_code admin_label=&#8221;La Voce PDF&#8221; _builder_version=&#8221;4.7.7&#8243; _module_preset=&#8221;default&#8221;]<a href="https://festival-leron.com/wp-content/uploads/2020/12/LVDP-Leron-2001o.pdf" class="pdfemb-viewer" style="" data-width="max" data-height="max" data-toolbar="bottom" data-toolbar-fixed="off">LVDP-Leron-2001o</a>[/et_pb_code][et_pb_code admin_label=&#8221;Gi PDF&#8221; _builder_version=&#8221;4.7.7&#8243; _module_preset=&#8221;default&#8221;]<a href="https://festival-leron.com/wp-content/uploads/2020/12/Gi2001-Zasvirao-je-leron-i-pocela-festa_GI-17-9-2001.pdf" class="pdfemb-viewer" style="" data-width="max" data-height="max" data-toolbar="bottom" data-toolbar-fixed="off">Gi2001-Zasvirao-je-leron-i-pocela-festa_GI-17-9-2001</a>[/et_pb_code][/et_pb_column][/et_pb_row][/et_pb_section][et_pb_section fb_built=&#8221;1&#8243; fullwidth=&#8221;on&#8221; admin_label=&#8221;Razmak smeđi tamni&#8221; _builder_version=&#8221;4.7.7&#8243; _module_preset=&#8221;default&#8221;][et_pb_fullwidth_code _builder_version=&#8221;4.7.7&#8243; _module_preset=&#8221;default&#8221; background_color=&#8221;#846356&#8243; min_height=&#8221;20px&#8221; height=&#8221;20px&#8221; max_height=&#8221;20px&#8221; custom_margin=&#8221;||||false|false&#8221; custom_padding=&#8221;||||false|false&#8221;][/et_pb_fullwidth_code][/et_pb_section][et_pb_section fb_built=&#8221;1&#8243; fullwidth=&#8221;on&#8221; _builder_version=&#8221;4.7.7&#8243; _module_preset=&#8221;default&#8221; custom_margin=&#8221;||||false|false&#8221; custom_padding=&#8221;||||false|false&#8221;][et_pb_fullwidth_portfolio include_categories=&#8221;40&#8243; show_date=&#8221;off&#8221; hover_overlay_color=&#8221;rgba(224,153,0,0.18)&#8221; _builder_version=&#8221;4.7.6&#8243; _module_preset=&#8221;default&#8221; background_enable_color=&#8221;off&#8221; custom_margin=&#8221;||||false|false&#8221; custom_padding=&#8221;||||false|false&#8221; auto=&#8221;on&#8221; box_shadow_style_image=&#8221;preset1&#8243; child_filter_hue_rotate__hover_enabled=&#8221;on|desktop&#8221;][/et_pb_fullwidth_portfolio][/et_pb_section]</p>
