{"id":2492,"date":"2020-12-14T16:00:51","date_gmt":"2020-12-14T15:00:51","guid":{"rendered":"https:\/\/leron.tuitamo.com\/project\/leron-2012\/"},"modified":"2020-12-26T17:23:24","modified_gmt":"2020-12-26T16:23:24","slug":"leron-2012","status":"publish","type":"project","link":"https:\/\/festival-leron.com\/en\/project\/leron-2012\/","title":{"rendered":"Leron 2012"},"content":{"rendered":"<p>[et_pb_section fb_built=&#8221;1&#8243; fullwidth=&#8221;on&#8221; _builder_version=&#8221;4.7.6&#8243; _module_preset=&#8221;default&#8221;][et_pb_fullwidth_header title=&#8221;Leron 2012&#8243; _builder_version=&#8221;4.7.7&#8243; _module_preset=&#8221;default&#8221; title_font=&#8221;|800|||||||&#8221; title_font_size=&#8221;63px&#8221; background_image=&#8221;https:\/\/leron.tuitamo.com\/wp-content\/uploads\/12-Leron_zastava-i-ulica-2000.jpg&#8221; height=&#8221;650px&#8221; height_tablet=&#8221;&#8221; height_phone=&#8221;&#8221; height_last_edited=&#8221;on|tablet&#8221; title_text_shadow_style=&#8221;preset1&#8243;][\/et_pb_fullwidth_header][\/et_pb_section][et_pb_section fb_built=&#8221;1&#8243; _builder_version=&#8221;4.7.6&#8243; _module_preset=&#8221;default&#8221; background_color=&#8221;#e2d9cf&#8221;][et_pb_row column_structure=&#8221;3_4,1_4&#8243; use_custom_gutter=&#8221;on&#8221; gutter_width=&#8221;1&#8243; make_equal=&#8221;on&#8221; _builder_version=&#8221;4.7.6&#8243; _module_preset=&#8221;default&#8221; width=&#8221;100%&#8221;][et_pb_column type=&#8221;3_4&#8243; _builder_version=&#8221;4.7.6&#8243; _module_preset=&#8221;default&#8221;][et_pb_text _builder_version=&#8221;4.7.7&#8243; _module_preset=&#8221;default&#8221; text_font=&#8221;||||||||&#8221; text_font_size=&#8221;20px&#8221; custom_margin_tablet=&#8221;|25px||25px|false|false&#8221; custom_margin_phone=&#8221;&#8221; custom_margin_last_edited=&#8221;on|tablet&#8221; hover_enabled=&#8221;0&#8243; sticky_enabled=&#8221;0&#8243;]<\/p>\n<p><span style=\"font-weight: 400;\">Our special celebration has been repeatedly described as &#8220;The Friendship Festival&#8221;, or &#8220;The Brotherhood Festival&#8221;, or &#8220;A Race without Borders&#8221;. To tell the truth, the festival is all that and more, it brings together people&#8217;s past and present cultural traditions. Every year, the longest street comes alive with colourful costumes worn by the participants. This year&#8217;s parade lasted two hours! The spectators gave a big round of applause for the participants and their show.<\/span><\/p>\n<p><span style=\"font-weight: 400;\">The organisers held the round table conference. The appointment was made with the Mayor Klaudio Vitasovi\u0107, and the Holy Mass was held for participants. The victory went to the Cultural Artistic Society &#8220;Abra\u0161evi\u0107&#8221; from Kraljevo (Serbia).<\/span><\/p>\n<p>[\/et_pb_text][\/et_pb_column][et_pb_column type=&#8221;1_4&#8243; _builder_version=&#8221;4.7.6&#8243; _module_preset=&#8221;default&#8221;][et_pb_image src=&#8221;https:\/\/leron.tuitamo.com\/wp-content\/uploads\/2020\/12\/le-2012-500.png&#8221; title_text=&#8221;le-2012-500&#8243; align_tablet=&#8221;center&#8221; align_phone=&#8221;&#8221; align_last_edited=&#8221;on|tablet&#8221; _builder_version=&#8221;4.7.7&#8243; _module_preset=&#8221;default&#8221;][\/et_pb_image][\/et_pb_column][\/et_pb_row][\/et_pb_section][et_pb_section fb_built=&#8221;1&#8243; _builder_version=&#8221;4.7.6&#8243; _module_preset=&#8221;default&#8221; background_enable_image=&#8221;off&#8221; background_size=&#8221;contain&#8221; background_repeat=&#8221;repeat&#8221; custom_margin=&#8221;||||false|false&#8221; custom_padding=&#8221;0px||0px||false|false&#8221;][et_pb_row use_custom_gutter=&#8221;on&#8221; gutter_width=&#8221;1&#8243; module_class=&#8221; et_pb_row_fullwidth&#8221; _builder_version=&#8221;4.7.6&#8243; _module_preset=&#8221;default&#8221; width=&#8221;100%&#8221; max_width=&#8221;100%&#8221; custom_padding=&#8221;1px||0px|||&#8221;][et_pb_column type=&#8221;4_4&#8243; _builder_version=&#8221;4.7.6&#8243; _module_preset=&#8221;default&#8221;][et_pb_gallery gallery_ids=&#8221;1889,1886,1883,1880,1877,1874,1871,1868,1865,1862,1859,1856,1853,1850,1847,1844,1841&#8243; posts_number=&#8221;50&#8243; show_title_and_caption=&#8221;off&#8221; show_pagination=&#8221;off&#8221; zoom_icon_color=&#8221;#ffffff&#8221; hover_overlay_color=&#8221;rgba(0,0,0,0.2)&#8221; _builder_version=&#8221;4.7.7&#8243; _module_preset=&#8221;default&#8221; background_color=&#8221;#e2d9cf&#8221; custom_margin=&#8221;||-6px|||&#8221;][\/et_pb_gallery][\/et_pb_column][\/et_pb_row][\/et_pb_section][et_pb_section fb_built=&#8221;1&#8243; admin_label=&#8221;PDF Section&#8221; _builder_version=&#8221;4.7.7&#8243; _module_preset=&#8221;default&#8221; background_color=&#8221;#846356&#8243; locked=&#8221;off&#8221;][et_pb_row _builder_version=&#8221;4.7.7&#8243; _module_preset=&#8221;default&#8221;][et_pb_column type=&#8221;4_4&#8243; _builder_version=&#8221;4.7.7&#8243; _module_preset=&#8221;default&#8221;][et_pb_code admin_label=&#8221;La Voce PDF&#8221; _builder_version=&#8221;4.7.7&#8243; _module_preset=&#8221;default&#8221;]<a href=\"https:\/\/festival-leron.com\/wp-content\/uploads\/2020\/12\/LVDP-Leron-2012.pdf\" class=\"pdfemb-viewer\" style=\"\" data-width=\"max\" data-height=\"max\" data-toolbar=\"bottom\" data-toolbar-fixed=\"off\">LVDP-Leron-2012<\/a>[\/et_pb_code][et_pb_code admin_label=&#8221;Gi PDF&#8221; _builder_version=&#8221;4.7.7&#8243; _module_preset=&#8221;default&#8221;]<a href=\"https:\/\/festival-leron.com\/wp-content\/uploads\/2020\/12\/Gi2012-Plesovi-iz-cijele-Europe-na-vodnjanskoj-placi_GI-27-8-2012.pdf\" class=\"pdfemb-viewer\" style=\"\" data-width=\"max\" data-height=\"max\" data-toolbar=\"bottom\" data-toolbar-fixed=\"off\">Gi2012-Plesovi-iz-cijele-Europe-na-vodnjanskoj-placi_GI-27-8-2012<\/a>[\/et_pb_code][\/et_pb_column][\/et_pb_row][\/et_pb_section][et_pb_section fb_built=&#8221;1&#8243; fullwidth=&#8221;on&#8221; admin_label=&#8221;Razmak sme\u0111i tamni&#8221; _builder_version=&#8221;4.7.7&#8243; _module_preset=&#8221;default&#8221;][et_pb_fullwidth_code _builder_version=&#8221;4.7.7&#8243; _module_preset=&#8221;default&#8221; background_color=&#8221;#846356&#8243; min_height=&#8221;20px&#8221; height=&#8221;20px&#8221; max_height=&#8221;20px&#8221; custom_margin=&#8221;||||false|false&#8221; custom_padding=&#8221;||||false|false&#8221;][\/et_pb_fullwidth_code][\/et_pb_section][et_pb_section fb_built=&#8221;1&#8243; fullwidth=&#8221;on&#8221; _builder_version=&#8221;4.7.7&#8243; _module_preset=&#8221;default&#8221; custom_margin=&#8221;||||false|false&#8221; custom_padding=&#8221;||||false|false&#8221;][et_pb_fullwidth_portfolio include_categories=&#8221;40&#8243; show_date=&#8221;off&#8221; hover_overlay_color=&#8221;rgba(224,153,0,0.18)&#8221; _builder_version=&#8221;4.7.6&#8243; _module_preset=&#8221;default&#8221; background_enable_color=&#8221;off&#8221; custom_margin=&#8221;||||false|false&#8221; custom_padding=&#8221;||||false|false&#8221; auto=&#8221;on&#8221; box_shadow_style_image=&#8221;preset1&#8243; child_filter_hue_rotate__hover_enabled=&#8221;on|desktop&#8221;][\/et_pb_fullwidth_portfolio][\/et_pb_section]<\/p>\n","protected":false},"excerpt":{"rendered":"<p>Our special celebration has been repeatedly described as &#8220;The Friendship Festival&#8221;, or &#8220;The Brotherhood Festival&#8221;, or &#8220;A Race without Borders&#8221;. To tell the truth, the festival is all that and more, it brings together people&#8217;s past and present cultural traditions. Every year, the longest street comes alive with colourful costumes worn by the participants. This [&hellip;]<\/p>\n","protected":false},"author":1,"featured_media":2102,"comment_status":"open","ping_status":"closed","template":"","meta":{"_et_pb_use_builder":"on","_et_pb_old_content":"","_et_gb_content_width":"","footnotes":""},"project_category":[52],"project_tag":[],"class_list":["post-2492","project","type-project","status-publish","has-post-thumbnail","hentry","project_category-godina-en"],"_links":{"self":[{"href":"https:\/\/festival-leron.com\/en\/wp-json\/wp\/v2\/project\/2492","targetHints":{"allow":["GET"]}}],"collection":[{"href":"https:\/\/festival-leron.com\/en\/wp-json\/wp\/v2\/project"}],"about":[{"href":"https:\/\/festival-leron.com\/en\/wp-json\/wp\/v2\/types\/project"}],"author":[{"embeddable":true,"href":"https:\/\/festival-leron.com\/en\/wp-json\/wp\/v2\/users\/1"}],"replies":[{"embeddable":true,"href":"https:\/\/festival-leron.com\/en\/wp-json\/wp\/v2\/comments?post=2492"}],"version-history":[{"count":3,"href":"https:\/\/festival-leron.com\/en\/wp-json\/wp\/v2\/project\/2492\/revisions"}],"predecessor-version":[{"id":3849,"href":"https:\/\/festival-leron.com\/en\/wp-json\/wp\/v2\/project\/2492\/revisions\/3849"}],"wp:featuredmedia":[{"embeddable":true,"href":"https:\/\/festival-leron.com\/en\/wp-json\/wp\/v2\/media\/2102"}],"wp:attachment":[{"href":"https:\/\/festival-leron.com\/en\/wp-json\/wp\/v2\/media?parent=2492"}],"wp:term":[{"taxonomy":"project_category","embeddable":true,"href":"https:\/\/festival-leron.com\/en\/wp-json\/wp\/v2\/project_category?post=2492"},{"taxonomy":"project_tag","embeddable":true,"href":"https:\/\/festival-leron.com\/en\/wp-json\/wp\/v2\/project_tag?post=2492"}],"curies":[{"name":"wp","href":"https:\/\/api.w.org\/{rel}","templated":true}]}}

<p>[et_pb_section fb_built=&#8221;1&#8243; fullwidth=&#8221;on&#8221; _builder_version=&#8221;4.7.6&#8243; _module_preset=&#8221;default&#8221;][et_pb_fullwidth_header title=&#8221;Leron 2012&#8243; _builder_version=&#8221;4.7.7&#8243; _module_preset=&#8221;default&#8221; title_font=&#8221;|800|||||||&#8221; title_font_size=&#8221;63px&#8221; background_image=&#8221;https://leron.tuitamo.com/wp-content/uploads/12-Leron_zastava-i-ulica-2000.jpg&#8221; height=&#8221;650px&#8221; height_tablet=&#8221;&#8221; height_phone=&#8221;&#8221; height_last_edited=&#8221;on|tablet&#8221; title_text_shadow_style=&#8221;preset1&#8243;][/et_pb_fullwidth_header][/et_pb_section][et_pb_section fb_built=&#8221;1&#8243; _builder_version=&#8221;4.7.6&#8243; _module_preset=&#8221;default&#8221; background_color=&#8221;#e2d9cf&#8221;][et_pb_row column_structure=&#8221;3_4,1_4&#8243; use_custom_gutter=&#8221;on&#8221; gutter_width=&#8221;1&#8243; make_equal=&#8221;on&#8221; _builder_version=&#8221;4.7.6&#8243; _module_preset=&#8221;default&#8221; width=&#8221;100%&#8221;][et_pb_column type=&#8221;3_4&#8243; _builder_version=&#8221;4.7.6&#8243; _module_preset=&#8221;default&#8221;][et_pb_text _builder_version=&#8221;4.7.7&#8243; _module_preset=&#8221;default&#8221; text_font=&#8221;||||||||&#8221; text_font_size=&#8221;20px&#8221; custom_margin_tablet=&#8221;|25px||25px|false|false&#8221; custom_margin_phone=&#8221;&#8221; custom_margin_last_edited=&#8221;on|tablet&#8221; hover_enabled=&#8221;0&#8243; sticky_enabled=&#8221;0&#8243;]</p>
<p><span style="font-weight: 400;">Our special celebration has been repeatedly described as &#8220;The Friendship Festival&#8221;, or &#8220;The Brotherhood Festival&#8221;, or &#8220;A Race without Borders&#8221;. To tell the truth, the festival is all that and more, it brings together people&#8217;s past and present cultural traditions. Every year, the longest street comes alive with colourful costumes worn by the participants. This year&#8217;s parade lasted two hours! The spectators gave a big round of applause for the participants and their show.</span></p>
<p><span style="font-weight: 400;">The organisers held the round table conference. The appointment was made with the Mayor Klaudio Vitasović, and the Holy Mass was held for participants. The victory went to the Cultural Artistic Society &#8220;Abrašević&#8221; from Kraljevo (Serbia).</span></p>
<p>[/et_pb_text][/et_pb_column][et_pb_column type=&#8221;1_4&#8243; _builder_version=&#8221;4.7.6&#8243; _module_preset=&#8221;default&#8221;][et_pb_image src=&#8221;https://leron.tuitamo.com/wp-content/uploads/2020/12/le-2012-500.png&#8221; title_text=&#8221;le-2012-500&#8243; align_tablet=&#8221;center&#8221; align_phone=&#8221;&#8221; align_last_edited=&#8221;on|tablet&#8221; _builder_version=&#8221;4.7.7&#8243; _module_preset=&#8221;default&#8221;][/et_pb_image][/et_pb_column][/et_pb_row][/et_pb_section][et_pb_section fb_built=&#8221;1&#8243; _builder_version=&#8221;4.7.6&#8243; _module_preset=&#8221;default&#8221; background_enable_image=&#8221;off&#8221; background_size=&#8221;contain&#8221; background_repeat=&#8221;repeat&#8221; custom_margin=&#8221;||||false|false&#8221; custom_padding=&#8221;0px||0px||false|false&#8221;][et_pb_row use_custom_gutter=&#8221;on&#8221; gutter_width=&#8221;1&#8243; module_class=&#8221; et_pb_row_fullwidth&#8221; _builder_version=&#8221;4.7.6&#8243; _module_preset=&#8221;default&#8221; width=&#8221;100%&#8221; max_width=&#8221;100%&#8221; custom_padding=&#8221;1px||0px|||&#8221;][et_pb_column type=&#8221;4_4&#8243; _builder_version=&#8221;4.7.6&#8243; _module_preset=&#8221;default&#8221;][et_pb_gallery gallery_ids=&#8221;1889,1886,1883,1880,1877,1874,1871,1868,1865,1862,1859,1856,1853,1850,1847,1844,1841&#8243; posts_number=&#8221;50&#8243; show_title_and_caption=&#8221;off&#8221; show_pagination=&#8221;off&#8221; zoom_icon_color=&#8221;#ffffff&#8221; hover_overlay_color=&#8221;rgba(0,0,0,0.2)&#8221; _builder_version=&#8221;4.7.7&#8243; _module_preset=&#8221;default&#8221; background_color=&#8221;#e2d9cf&#8221; custom_margin=&#8221;||-6px|||&#8221;][/et_pb_gallery][/et_pb_column][/et_pb_row][/et_pb_section][et_pb_section fb_built=&#8221;1&#8243; admin_label=&#8221;PDF Section&#8221; _builder_version=&#8221;4.7.7&#8243; _module_preset=&#8221;default&#8221; background_color=&#8221;#846356&#8243; locked=&#8221;off&#8221;][et_pb_row _builder_version=&#8221;4.7.7&#8243; _module_preset=&#8221;default&#8221;][et_pb_column type=&#8221;4_4&#8243; _builder_version=&#8221;4.7.7&#8243; _module_preset=&#8221;default&#8221;][et_pb_code admin_label=&#8221;La Voce PDF&#8221; _builder_version=&#8221;4.7.7&#8243; _module_preset=&#8221;default&#8221;]<a href="https://festival-leron.com/wp-content/uploads/2020/12/LVDP-Leron-2012.pdf" class="pdfemb-viewer" style="" data-width="max" data-height="max" data-toolbar="bottom" data-toolbar-fixed="off">LVDP-Leron-2012</a>[/et_pb_code][et_pb_code admin_label=&#8221;Gi PDF&#8221; _builder_version=&#8221;4.7.7&#8243; _module_preset=&#8221;default&#8221;]<a href="https://festival-leron.com/wp-content/uploads/2020/12/Gi2012-Plesovi-iz-cijele-Europe-na-vodnjanskoj-placi_GI-27-8-2012.pdf" class="pdfemb-viewer" style="" data-width="max" data-height="max" data-toolbar="bottom" data-toolbar-fixed="off">Gi2012-Plesovi-iz-cijele-Europe-na-vodnjanskoj-placi_GI-27-8-2012</a>[/et_pb_code][/et_pb_column][/et_pb_row][/et_pb_section][et_pb_section fb_built=&#8221;1&#8243; fullwidth=&#8221;on&#8221; admin_label=&#8221;Razmak smeđi tamni&#8221; _builder_version=&#8221;4.7.7&#8243; _module_preset=&#8221;default&#8221;][et_pb_fullwidth_code _builder_version=&#8221;4.7.7&#8243; _module_preset=&#8221;default&#8221; background_color=&#8221;#846356&#8243; min_height=&#8221;20px&#8221; height=&#8221;20px&#8221; max_height=&#8221;20px&#8221; custom_margin=&#8221;||||false|false&#8221; custom_padding=&#8221;||||false|false&#8221;][/et_pb_fullwidth_code][/et_pb_section][et_pb_section fb_built=&#8221;1&#8243; fullwidth=&#8221;on&#8221; _builder_version=&#8221;4.7.7&#8243; _module_preset=&#8221;default&#8221; custom_margin=&#8221;||||false|false&#8221; custom_padding=&#8221;||||false|false&#8221;][et_pb_fullwidth_portfolio include_categories=&#8221;40&#8243; show_date=&#8221;off&#8221; hover_overlay_color=&#8221;rgba(224,153,0,0.18)&#8221; _builder_version=&#8221;4.7.6&#8243; _module_preset=&#8221;default&#8221; background_enable_color=&#8221;off&#8221; custom_margin=&#8221;||||false|false&#8221; custom_padding=&#8221;||||false|false&#8221; auto=&#8221;on&#8221; box_shadow_style_image=&#8221;preset1&#8243; child_filter_hue_rotate__hover_enabled=&#8221;on|desktop&#8221;][/et_pb_fullwidth_portfolio][/et_pb_section]</p>
